13, 5021
List the prime factors of 30241954.
2, 29, 607, 859
List the prime factors of 2239682767.
7, 67, 4775443
List the prime factors of 5696412.
2, 3, 29, 16369
List the prime factors of 27648107.
29, 137, 6959
What are the prime factors of 415170550?
2, 5, 8303411
List the prime factors of 134283180.
2, 3, 5, 2238053
What are the prime factors of 701179159?
10211, 68669
List the prime factors of 1433480870.
2, 5, 103, 1391729
What are the prime factors of 4166907972?
2, 3, 17581, 19751
What are the prime factors of 55986147?
3, 7, 293, 337
What are the prime factors of 116900535?
3, 5, 31, 59, 4261
What are the prime factors of 90159259?
90159259
What are the prime factors of 4259206?
2, 7, 79, 3851
List the prime factors of 44023258.
2, 41, 536869
List the prime factors of 1525065297.
3, 7, 37, 1962761
List the prime factors of 850724678.
2, 425362339
What are the prime factors of 688204449?
3, 76467161
What are the prime factors of 7754172?
2, 3, 646181
List the prime factors of 1504683931.
113, 13315787
List the prime factors of 996303813.
3, 41, 1019, 7949
List the prime factors of 52477374.
2, 3, 8746229
List the prime factors of 516994615.
5, 389, 265807
What are the prime factors of 18698298?
2, 3, 587, 5309
List the prime factors of 3512592452.
2, 878148113
What are the prime factors of 2746190814?
2, 3, 821, 557489
What are the prime factors of 292087713?
3, 97362571
What are the prime factors of 112042491?
3, 11, 257, 1201
List the prime factors of 1442156518.
2, 11, 31, 163, 12973
What are the prime factors of 46770058?
2, 19, 1230791
What are the prime factors of 257178016?
2, 8036813
What are the prime factors of 250697451?
3, 67, 131, 9521
List the prime factors of 474522126.
2, 3, 13, 109, 55813
List the prime factors of 2075355212.
2, 7, 10588547
What are the prime factors of 74881410?
2, 3, 5, 277, 9011
What are the prime factors of 17265906?
2, 3, 7, 45677
List the prime factors of 1996295807.
11, 181481437
List the prime factors of 11188158.
2, 3, 1864693
List the prime factors of 67472958.
2, 3, 7, 1606499
List the prime factors of 113085486.
2, 3, 197, 31891
What are the prime factors of 1598706604?
2, 11, 41, 829, 1069
List the prime factors of 1208090165.
5, 241618033
List the prime factors of 32064967.
11, 23, 126739
What are the prime factors of 84909239?
1051, 80789
List the prime factors of 2103114239.
1861, 1130099
What are the prime factors of 385952544?
2, 3, 1340113
List the prime factors of 62965442.
2, 191, 164831
What are the prime factors of 358583211?
3, 7, 163, 34919
What are the prime factors of 172871684?
2, 1373, 31477
List the prime factors of 7486444942.
2, 19, 4651, 42359
What are the prime factors of 4125467935?
5, 29, 28451503
What are the prime factors of 45983909?
67, 83, 8269
List the prime factors of 3324798646.
2, 13, 4261, 30011
List the prime factors of 60816331.
60816331
List the prime factors of 685344693.
3, 11, 20768021
List the prime factors of 182438516.
2, 13, 137, 25609
List the prime factors of 36011366.
2, 41, 439163
What are the prime factors of 1576369128?
2, 3, 137, 479431
What are the prime factors of 5962178942?
2, 23627, 126173
What are the prime factors of 2965485303?
3, 11, 179, 461
List the prime factors of 324395143.
2389, 135787
List the prime factors of 32036558.
2, 16018279
List the prime factors of 74992919.
2027, 36997
What are the prime factors of 145195575?
3, 5, 7, 39509
What are the prime factors of 275919094?
2, 11, 41, 149, 2053
What are the prime factors of 357593333?
5431, 65843
What are the prime factors of 22856279?
17, 1344487
What are the prime factors of 194687467?
13, 71, 210929
List the prime factors of 3335890700.
2, 5, 33358907
What are the prime factors of 303646416?
2, 3, 6325967
What are the prime factors of 41020150?
2, 5, 17, 48259
What are the prime factors of 2926529530?
2, 5, 19, 42667
List the prime factors of 563053555.
5, 139, 810149
What are the prime factors of 37081659?
3, 37, 334069
What are the prime factors of 281469509?
281469509
What are the prime factors of 745070572?
2, 181, 1029103
List the prime factors of 1895148416.
2, 7, 2115121
List the prime factors of 51244175.
5, 43, 73, 653
List the prime factors of 24265027.
3547, 6841
What are the prime factors of 5142539?
5142539
What are the prime factors of 9374253?
3, 7, 509, 877
List the prime factors of 933701341.
5351, 174491
List the prime factors of 8938092.
2, 3, 89, 8369
List the prime factors of 167218932.
2, 3, 463, 30097
What are the prime factors of 6633083?
29, 127, 1801
List the prime factors of 58285573.
58285573
What are the prime factors of 1671070442?
2, 37, 113, 337, 593
List the prime factors of 2490024529.
2490024529
List the prime factors of 103050482.
2, 1607, 32063
List the prime factors of 1467267295.
5, 13, 571, 3041
What are the prime factors of 27288450?
2, 3, 5, 7, 8663
What are the prime factors of 139673919?
3, 7, 11, 604649
What are the prime factors of 990080384?
2, 173, 44711
What are the prime factors of 59289596?
2, 997, 14867
List the prime factors of 29355491.
11, 439, 6079
What are the prime factors of 1651935902?
2, 43, 19208557
What are the prime factors of 3186923238?
2, 3, 19, 3106163
List the prime factors of 27238195.
5, 5447639
What are the prime factors of 331974273?
3, 2143, 51637
List the prime factors of 143255103.
3, 109, 307, 1427
What are the prime factors of 371746670?
2, 5, 547, 67961
What are the prime factors of 2692633311?
3, 6379, 46901
What are the prime factors of 537139639?
537139639
List the prime factors of 84440670.
2, 3, 5, 47, 59887
What are the prime factors of 732930430?
2, 5, 113, 491, 1321
List the prime factors of 555632746.
2, 277816373
List the prime factors of 101406722.
2, 59, 179, 4801
List the prime factors of 1671036731.
7, 13, 47, 390703
What are the prime factors of 200447572?
2, 13, 3854761
What are the prime factors of 37849458?
2, 3, 6308243
What are the prime factors of 7954556421?
3, 7, 29, 13061669
What are the prime factors of 9909585?
3, 5, 7, 163, 193
What are the prime factors of 350536086?
2, 3, 43, 50321
List the prime factors of 473432541.
3, 17, 643, 14437
List the prime factors of 1219384635.
3, 5, 7, 109, 106543
What are the prime factors of 164749450?
2, 5, 3294989
What are the prime factors of 64019945?
5, 11, 1031, 1129
List the prime factors of 17131752.
2, 3, 11, 97, 223
What are the prime factors of 87653217?
3, 73, 400243
List the prime factors of 15756420.
2, 3, 5, 313, 839
List the prime factors of 1113767393.
17, 137, 151, 3167
List the prime factors of 22321541.
11, 149, 13619
List the prime factors of 32526290.
2, 5, 19, 193, 887
List the prime factors of 7721170842.
2, 3, 7, 11, 547, 30553
List the prime factors of 277526694.
2, 3, 23, 29, 31, 2237
What are the prime factors of 334387114?
2, 113, 1479589
What are the prime factors of 344528070?
2, 3, 5, 67, 181, 947
What are the prime factors of 52463354?
2, 41, 43, 14879
List the prime factors of 129381966.
2, 3, 7, 251, 4091
List the prime factors of 29741447.
269, 110563
List the prime factors of 1957910684.
2, 1559, 313969
List the prime factors of 1345070988.
2, 3, 541, 23021
List the prime factors of 312154862.
2, 73, 89, 24023
What are the prime factors of 1871405727?
3, 623801909
List the prime factors of 1261621847.
9781, 128987
What are the prime factors of 919563484?
2, 7, 32841553
What are the prime factors of 173301336?
2, 3, 13, 61717
List the prime factors of 32621610.
2, 3, 5, 7, 31, 5011
List the prime factors of 59695913.
139, 429467
List the prime factors of 3933032174.
2, 41, 293, 313, 523
What are the prime factors of 29431320?
2, 3, 5, 245261
List the prime factors of 962548003.
157, 881, 6959
What are the prime factors of 4556210?
2, 5, 673, 677
List the prime factors of 588878774.
2, 11, 281, 95257
List the prime factors of 3353446300.
2, 5, 449, 74687
List the prime factors of 249177615.
3, 5, 16611841
List the prime factors of 7643151953.
61, 1223, 102451
List the prime factors of 126566222.
2, 109, 659, 881
What are the prime factors of 111424268?
2, 1801, 15467
List the prime factors of 666055448.
2, 113, 736787
What are the prime factors of 22726759?
11, 2066069
What are the prime facto